{"id":1840,"date":"2015-07-23T19:03:58","date_gmt":"2015-07-23T18:03:58","guid":{"rendered":"http:\/\/www.entreprise-flande.com\/?page_id=1840"},"modified":"2018-07-20T22:25:33","modified_gmt":"2018-07-20T21:25:33","slug":"notre-entreprise","status":"publish","type":"page","link":"https:\/\/www.entreprise-flande.com\/index.php\/notre-entreprise\/","title":{"rendered":"Notre entreprise"},"content":{"rendered":"<h2>Notre entreprise<\/h2>\n<p>Depuis 2001, notre entreprise se consacre \u00e0 son c\u0153ur d\u2019activit\u00e9 : la <strong>r\u00e9novation<\/strong> et assure \u00e9galement des travaux de<strong> g\u00e9nie civil<\/strong> et de <strong>ma\u00e7onnerie<\/strong>.<br \/>\nNous travaillons aussi bien avec des <strong>particuliers<\/strong> que des <strong>professionnels<\/strong>, permettant ainsi d\u2019avoir un champ d\u2019intervention plus ouvert et vari\u00e9.<\/p>\n<p>Notre entreprise a fait le choix de conserver l\u2019<strong>aspect familial des petites entreprises<\/strong> tout en d\u00e9veloppant ses capacit\u00e9s et ses moyens sur l\u2019exemple des plus grandes. Cette proximit\u00e9 nous a ainsi permis d\u2019installer un cercle de <strong>confiance<\/strong> dans les relations avec nos clients.<\/p>\n<p>Soucieuse de la satisfaction de nos clients, notre entreprise met un point d\u2019honneur \u00e0 fournir des services de <strong>qualit\u00e9<\/strong>. C\u2019est pourquoi, notre \u00e9quipe, compos\u00e9e de 10 employ\u00e9s qualifi\u00e9s et professionnels, met en \u0153uvre toutes ses comp\u00e9tences et son savoir-faire dans chacune de ses prestations.<\/p>\n<p><a href=\"https:\/\/www.entreprise-flande.com\/wp-content\/uploads\/2015\/07\/201107131029.jpg\" target=\"_blank\"><img loading=\"lazy\" decoding=\"async\" class=\"wp-image-1934 size-medium alignleft\" style=\"margin-left: 25px;\" src=\"https:\/\/www.entreprise-flande.com\/wp-content\/uploads\/2015\/07\/201107131029-300x159.jpg\" alt=\"Bruno Fland\u00e9 - la D\u00e9p\u00eache du midi\" width=\"300\" height=\"159\" srcset=\"https:\/\/www.entreprise-flande.com\/wp-content\/uploads\/2015\/07\/201107131029-300x159.jpg 300w, https:\/\/www.entreprise-flande.com\/wp-content\/uploads\/2015\/07\/201107131029.jpg 850w, https:\/\/www.entreprise-flande.com\/wp-content\/uploads\/2015\/07\/201107131029-300x159@2x.jpg 600w\" sizes=\"auto, (max-width: 300px) 100vw, 300px\" \/><\/a><\/p>\n<p>&nbsp;<\/p>\n<p><a href=\"http:\/\/www.ladepeche.fr\/article\/2011\/07\/13\/1126866-batiment-il-recrute-dans-la-renovation.html\" target=\"_blank\">La D\u00e9p\u00eache du midi en parle (13\/07\/2011)<\/a> :<br \/>\n<img loading=\"lazy\" decoding=\"async\" class=\"alignnone size-full wp-image-1936\" src=\"https:\/\/www.entreprise-flande.com\/wp-content\/uploads\/2015\/07\/fic_pdf4.png\" alt=\"PDF\" width=\"16\" height=\"16\" \/> <a href=\"https:\/\/www.entreprise-flande.com\/wp-content\/uploads\/2015\/07\/2011-ladepeche.pdf\" target=\"_blank\">\u00ab\u00a0Pinsaguel. B\u00e2timent : il recrute dans la r\u00e9novation\u00a0\u00bb<\/a><\/p>\n","protected":false},"excerpt":{"rendered":"<p>Notre entreprise Depuis 2001, notre entreprise se consacre \u00e0 son c\u0153ur d\u2019activit\u00e9 : la r\u00e9novation et assure \u00e9galement des travaux de g\u00e9nie civil et de ma\u00e7onnerie. Nous travaillons aussi bien avec des particuliers que des professionnels, permettant ainsi d\u2019avoir un champ d\u2019intervention plus ouvert et vari\u00e9. Notre entreprise a fait le choix de conserver l\u2019aspect<\/p>\n","protected":false},"author":1,"featured_media":0,"parent":0,"menu_order":0,"comment_status":"closed","ping_status":"closed","template":"","meta":{"footnotes":""},"class_list":["post-1840","page","type-page","status-publish","hentry"],"yoast_head":"<!-- This site is optimized with the Yoast SEO plugin v24.4 - https:\/\/yoast.com\/wordpress\/plugins\/seo\/ -->\n<title>Notre entreprise - Entreprise Fland\u00e9 SARL<\/title>\n<meta name=\"robots\" content=\"index, follow, max-snippet:-1, max-image-preview:large, max-video-preview:-1\" \/>\n<link rel=\"canonical\" href=\"https:\/\/www.entreprise-flande.com\/index.php\/notre-entreprise\/\" \/>\n<meta property=\"og:locale\" content=\"fr_FR\" \/>\n<meta property=\"og:type\" content=\"article\" \/>\n<meta property=\"og:title\" content=\"Notre entreprise - Entreprise Fland\u00e9 SARL\" \/>\n<meta property=\"og:description\" content=\"Notre entreprise Depuis 2001, notre entreprise se consacre \u00e0 son c\u0153ur d\u2019activit\u00e9 : la r\u00e9novation et assure \u00e9galement des travaux de g\u00e9nie civil et de ma\u00e7onnerie. Nous travaillons aussi bien avec des particuliers que des professionnels, permettant ainsi d\u2019avoir un champ d\u2019intervention plus ouvert et vari\u00e9. Notre entreprise a fait le choix de conserver l\u2019aspect\" \/>\n<meta property=\"og:url\" content=\"https:\/\/www.entreprise-flande.com\/index.php\/notre-entreprise\/\" \/>\n<meta property=\"og:site_name\" content=\"Entreprise Fland\u00e9 SARL\" \/>\n<meta property=\"article:modified_time\" content=\"2018-07-20T21:25:33+00:00\" \/>\n<meta property=\"og:image\" content=\"https:\/\/www.entreprise-flande.com\/wp-content\/uploads\/2015\/07\/201107131029-300x159.jpg\" \/>\n<meta name=\"twitter:card\" content=\"summary_large_image\" \/>\n<meta name=\"twitter:label1\" content=\"Dur\u00e9e de lecture estim\u00e9e\" \/>\n\t<meta name=\"twitter:data1\" content=\"1 minute\" \/>\n<script type=\"application\/ld+json\" class=\"yoast-schema-graph\">{\"@context\":\"https:\/\/schema.org\",\"@graph\":[{\"@type\":\"WebPage\",\"@id\":\"https:\/\/www.entreprise-flande.com\/index.php\/notre-entreprise\/\",\"url\":\"https:\/\/www.entreprise-flande.com\/index.php\/notre-entreprise\/\",\"name\":\"Notre entreprise - Entreprise Fland\u00e9 SARL\",\"isPartOf\":{\"@id\":\"https:\/\/www.entreprise-flande.com\/#website\"},\"primaryImageOfPage\":{\"@id\":\"https:\/\/www.entreprise-flande.com\/index.php\/notre-entreprise\/#primaryimage\"},\"image\":{\"@id\":\"https:\/\/www.entreprise-flande.com\/index.php\/notre-entreprise\/#primaryimage\"},\"thumbnailUrl\":\"https:\/\/www.entreprise-flande.com\/wp-content\/uploads\/2015\/07\/201107131029-300x159.jpg\",\"datePublished\":\"2015-07-23T18:03:58+00:00\",\"dateModified\":\"2018-07-20T21:25:33+00:00\",\"breadcrumb\":{\"@id\":\"https:\/\/www.entreprise-flande.com\/index.php\/notre-entreprise\/#breadcrumb\"},\"inLanguage\":\"fr-FR\",\"potentialAction\":[{\"@type\":\"ReadAction\",\"target\":[\"https:\/\/www.entreprise-flande.com\/index.php\/notre-entreprise\/\"]}]},{\"@type\":\"ImageObject\",\"inLanguage\":\"fr-FR\",\"@id\":\"https:\/\/www.entreprise-flande.com\/index.php\/notre-entreprise\/#primaryimage\",\"url\":\"https:\/\/www.entreprise-flande.com\/wp-content\/uploads\/2015\/07\/201107131029.jpg\",\"contentUrl\":\"https:\/\/www.entreprise-flande.com\/wp-content\/uploads\/2015\/07\/201107131029.jpg\",\"width\":850,\"height\":451,\"caption\":\"Bruno Fland\u00e9 - la D\u00e9p\u00eache du midi\"},{\"@type\":\"BreadcrumbList\",\"@id\":\"https:\/\/www.entreprise-flande.com\/index.php\/notre-entreprise\/#breadcrumb\",\"itemListElement\":[{\"@type\":\"ListItem\",\"position\":1,\"name\":\"Accueil\",\"item\":\"https:\/\/www.entreprise-flande.com\/\"},{\"@type\":\"ListItem\",\"position\":2,\"name\":\"Notre entreprise\"}]},{\"@type\":\"WebSite\",\"@id\":\"https:\/\/www.entreprise-flande.com\/#website\",\"url\":\"https:\/\/www.entreprise-flande.com\/\",\"name\":\"Entreprise Fland\u00e9 SARL\",\"description\":\"Bruno Fland\u00e9\",\"potentialAction\":[{\"@type\":\"SearchAction\",\"target\":{\"@type\":\"EntryPoint\",\"urlTemplate\":\"https:\/\/www.entreprise-flande.com\/?s={search_term_string}\"},\"query-input\":{\"@type\":\"PropertyValueSpecification\",\"valueRequired\":true,\"valueName\":\"search_term_string\"}}],\"inLanguage\":\"fr-FR\"}]}<\/script>\n<!-- \/ Yoast SEO plugin. -->","yoast_head_json":{"title":"Notre entreprise - Entreprise Fland\u00e9 SARL","robots":{"index":"index","follow":"follow","max-snippet":"max-snippet:-1","max-image-preview":"max-image-preview:large","max-video-preview":"max-video-preview:-1"},"canonical":"https:\/\/www.entreprise-flande.com\/index.php\/notre-entreprise\/","og_locale":"fr_FR","og_type":"article","og_title":"Notre entreprise - Entreprise Fland\u00e9 SARL","og_description":"Notre entreprise Depuis 2001, notre entreprise se consacre \u00e0 son c\u0153ur d\u2019activit\u00e9 : la r\u00e9novation et assure \u00e9galement des travaux de g\u00e9nie civil et de ma\u00e7onnerie. Nous travaillons aussi bien avec des particuliers que des professionnels, permettant ainsi d\u2019avoir un champ d\u2019intervention plus ouvert et vari\u00e9. Notre entreprise a fait le choix de conserver l\u2019aspect","og_url":"https:\/\/www.entreprise-flande.com\/index.php\/notre-entreprise\/","og_site_name":"Entreprise Fland\u00e9 SARL","article_modified_time":"2018-07-20T21:25:33+00:00","og_image":[{"url":"https:\/\/www.entreprise-flande.com\/wp-content\/uploads\/2015\/07\/201107131029-300x159.jpg","type":"","width":"","height":""}],"twitter_card":"summary_large_image","twitter_misc":{"Dur\u00e9e de lecture estim\u00e9e":"1 minute"},"schema":{"@context":"https:\/\/schema.org","@graph":[{"@type":"WebPage","@id":"https:\/\/www.entreprise-flande.com\/index.php\/notre-entreprise\/","url":"https:\/\/www.entreprise-flande.com\/index.php\/notre-entreprise\/","name":"Notre entreprise - Entreprise Fland\u00e9 SARL","isPartOf":{"@id":"https:\/\/www.entreprise-flande.com\/#website"},"primaryImageOfPage":{"@id":"https:\/\/www.entreprise-flande.com\/index.php\/notre-entreprise\/#primaryimage"},"image":{"@id":"https:\/\/www.entreprise-flande.com\/index.php\/notre-entreprise\/#primaryimage"},"thumbnailUrl":"https:\/\/www.entreprise-flande.com\/wp-content\/uploads\/2015\/07\/201107131029-300x159.jpg","datePublished":"2015-07-23T18:03:58+00:00","dateModified":"2018-07-20T21:25:33+00:00","breadcrumb":{"@id":"https:\/\/www.entreprise-flande.com\/index.php\/notre-entreprise\/#breadcrumb"},"inLanguage":"fr-FR","potentialAction":[{"@type":"ReadAction","target":["https:\/\/www.entreprise-flande.com\/index.php\/notre-entreprise\/"]}]},{"@type":"ImageObject","inLanguage":"fr-FR","@id":"https:\/\/www.entreprise-flande.com\/index.php\/notre-entreprise\/#primaryimage","url":"https:\/\/www.entreprise-flande.com\/wp-content\/uploads\/2015\/07\/201107131029.jpg","contentUrl":"https:\/\/www.entreprise-flande.com\/wp-content\/uploads\/2015\/07\/201107131029.jpg","width":850,"height":451,"caption":"Bruno Fland\u00e9 - la D\u00e9p\u00eache du midi"},{"@type":"BreadcrumbList","@id":"https:\/\/www.entreprise-flande.com\/index.php\/notre-entreprise\/#breadcrumb","itemListElement":[{"@type":"ListItem","position":1,"name":"Accueil","item":"https:\/\/www.entreprise-flande.com\/"},{"@type":"ListItem","position":2,"name":"Notre entreprise"}]},{"@type":"WebSite","@id":"https:\/\/www.entreprise-flande.com\/#website","url":"https:\/\/www.entreprise-flande.com\/","name":"Entreprise Fland\u00e9 SARL","description":"Bruno Fland\u00e9","potentialAction":[{"@type":"SearchAction","target":{"@type":"EntryPoint","urlTemplate":"https:\/\/www.entreprise-flande.com\/?s={search_term_string}"},"query-input":{"@type":"PropertyValueSpecification","valueRequired":true,"valueName":"search_term_string"}}],"inLanguage":"fr-FR"}]}},"_links":{"self":[{"href":"https:\/\/www.entreprise-flande.com\/index.php\/wp-json\/wp\/v2\/pages\/1840","targetHints":{"allow":["GET"]}}],"collection":[{"href":"https:\/\/www.entreprise-flande.com\/index.php\/wp-json\/wp\/v2\/pages"}],"about":[{"href":"https:\/\/www.entreprise-flande.com\/index.php\/wp-json\/wp\/v2\/types\/page"}],"author":[{"embeddable":true,"href":"https:\/\/www.entreprise-flande.com\/index.php\/wp-json\/wp\/v2\/users\/1"}],"replies":[{"embeddable":true,"href":"https:\/\/www.entreprise-flande.com\/index.php\/wp-json\/wp\/v2\/comments?post=1840"}],"version-history":[{"count":0,"href":"https:\/\/www.entreprise-flande.com\/index.php\/wp-json\/wp\/v2\/pages\/1840\/revisions"}],"wp:attachment":[{"href":"https:\/\/www.entreprise-flande.com\/index.php\/wp-json\/wp\/v2\/media?parent=1840"}],"curies":[{"name":"wp","href":"https:\/\/api.w.org\/{rel}","templated":true}]}}